{"id":308,"date":"2017-02-08T10:02:54","date_gmt":"2017-02-07T23:02:54","guid":{"rendered":"http:\/\/cjproductionnc.com\/?page_id=308"},"modified":"2017-04-14T19:23:19","modified_gmt":"2017-04-14T08:23:19","slug":"gravure-sur-verre","status":"publish","type":"page","link":"https:\/\/cjproductionnc.com\/index.php\/gravure-laser\/gravure-sur-verre\/","title":{"rendered":"Gravure verre"},"content":{"rendered":"<p><em>Vous \u00eates ici :<\/em> <a href=\"https:\/\/cjproductionnc.com\/\">Home<\/a> \/ <a href=\"https:\/\/cjproductionnc.com\/index.php\/gravure-laser\/\">Gravure laser<\/a> \/ <span style=\"color: #999999;\">Gravure verre<\/span><\/p>\n<p style=\"text-align: right;\"><a class=\"button medium orange\" href=\"https:\/\/cjproductionnc.com\/index.php\/demande-de-devis-gravure\/\">Demande de devis<\/a><\/p>\n<h1 style=\"text-align: center;\"><strong><span style=\"color: #d700a0;\">Gravure verre<\/span><\/strong><\/h1>\n<div class=\"frame slider\"><div class=\"flexslider shortcode\"><ul class=\"slides\"><li><a href=\"your_link\"><img decoding=\"async\" src=\"https:\/\/cjproductionnc.com\/wp-content\/uploads\/2017\/02\/verre1jpg600.jpg\" alt=\"Usage normal\" \/><\/a><\/li>\n<li><a href=\"your_link\"><img decoding=\"async\" src=\"https:\/\/cjproductionnc.com\/wp-content\/uploads\/2017\/02\/verre2jpg600.jpg\" alt=\"Usage normal\" \/><\/a><\/li>\n<li><a href=\"your_link\"><img decoding=\"async\" src=\"https:\/\/cjproductionnc.com\/wp-content\/uploads\/2017\/02\/verre3jpg600.jpg\" alt=\"Usage normal\" \/><\/a><\/li><\/ul> <\/div><\/div>\n<p>&nbsp;<\/p>\n<h4><span style=\"color: #d700a0;\">Caract\u00e9ristiques techniques :<\/span><\/h4>\n<p>La zone du verre \u00e0 graver doit \u00eatre cylindrique<\/p>\n<p><em><span style=\"color: #0000ff;\">mod\u00e8le graphique avec forme correcte (sigle vert)\u00a0 et forme incorrecte (croix rouge) pour la zone de gravure<br \/>\n<\/span><\/em><\/p>\n<p>Le diam\u00e8tre maximal d&rsquo;encombrement est de 120 mm<\/p>\n<p><em><span style=\"color: #0000ff;\">photo d&rsquo;un verre en cours de gravure<\/span><\/em><\/p>\n<hr \/>\n<p>&nbsp;<\/p>\n<p style=\"padding-left: 90px;\">\u00a0\u00a0\u00a0 <a class=\"button medium default\" href=\"https:\/\/cjproductionnc.com\/index.php\/gravure-laser\/gravure-plexi\/\">Gravure plexi<\/a> \u00a0 \u00a0 \u00a0 \u00a0 \u00a0\u00a0 <a class=\"button medium default\" href=\"https:\/\/cjproductionnc.com\/index.php\/gravure-laser\/gravure-dilophane\/\">Gravure dilophane<\/a>\u00a0\u00a0 \u00a0 \u00a0 \u00a0 \u00a0 <a class=\"button medium default\" href=\"https:\/\/cjproductionnc.com\/index.php\/gravure-laser\/gravure-metal\/\">Gravure m\u00e9tal<\/a><\/p>\n<h4 style=\"padding-left: 90px;\"><span style=\"color: #d700a0;\">\u00a0\u00a0\u00a0\u00a0 Gravure verre \u00a0 \u00a0 \u00a0<\/span> \u00a0 \u00a0 \u00a0\u00a0 <a class=\"button medium default\" href=\"https:\/\/cjproductionnc.com\/index.php\/gravure-laser\/gravure-sur-bois\/\">Gravure bois<\/a> \u00a0 \u00a0 \u00a0 \u00a0 \u00a0 <a class=\"button medium default\" href=\"https:\/\/cjproductionnc.com\/index.php\/gravure-laser\/gravure-sur-carton\/\">Gravure carton<\/a><\/h4>\n<p style=\"padding-left: 90px;\">\u00a0 \u00a0 \u00a0 \u00a0 \u00a0 \u00a0 \u00a0 \u00a0 \u00a0 \u00a0 \u00a0 \u00a0 \u00a0 \u00a0 \u00a0 \u00a0 \u00a0 \u00a0 \u00a0 \u00a0 \u00a0 \u00a0 \u00a0 \u00a0 \u00a0 \u00a0 \u00a0 \u00a0 \u00a0\u00a0 \u00a0\u00a0 <a class=\"button medium default\" href=\"https:\/\/cjproductionnc.com\/index.php\/gravure-laser\/gravure-sur-cuir\/\">Gravure cuir<\/a><\/p>","protected":false},"excerpt":{"rendered":"<p>Vous \u00eates ici : Home \/ Gravure laser \/ Gravure verre Demande de devis Gravure verre &nbsp; Caract\u00e9ristiques techniques : La zone du verre \u00e0 graver doit \u00eatre cylindrique mod\u00e8le graphique avec forme correcte (sigle vert)\u00a0 et forme incorrecte (croix rouge) pour la zone de gravure Le diam\u00e8tre maximal d&rsquo;encombrement est de 120 mm photo [&hellip;]<\/p>\n","protected":false},"author":1,"featured_media":0,"parent":14,"menu_order":4,"comment_status":"closed","ping_status":"closed","template":"","meta":{"footnotes":""},"class_list":["post-308","page","type-page","status-publish","hentry"],"_links":{"self":[{"href":"https:\/\/cjproductionnc.com\/index.php\/wp-json\/wp\/v2\/pages\/308","targetHints":{"allow":["GET"]}}],"collection":[{"href":"https:\/\/cjproductionnc.com\/index.php\/wp-json\/wp\/v2\/pages"}],"about":[{"href":"https:\/\/cjproductionnc.com\/index.php\/wp-json\/wp\/v2\/types\/page"}],"author":[{"embeddable":true,"href":"https:\/\/cjproductionnc.com\/index.php\/wp-json\/wp\/v2\/users\/1"}],"replies":[{"embeddable":true,"href":"https:\/\/cjproductionnc.com\/index.php\/wp-json\/wp\/v2\/comments?post=308"}],"version-history":[{"count":0,"href":"https:\/\/cjproductionnc.com\/index.php\/wp-json\/wp\/v2\/pages\/308\/revisions"}],"up":[{"embeddable":true,"href":"https:\/\/cjproductionnc.com\/index.php\/wp-json\/wp\/v2\/pages\/14"}],"wp:attachment":[{"href":"https:\/\/cjproductionnc.com\/index.php\/wp-json\/wp\/v2\/media?parent=308"}],"curies":[{"name":"wp","href":"https:\/\/api.w.org\/{rel}","templated":true}]}}