{"id":310,"date":"2017-02-08T10:13:31","date_gmt":"2017-02-07T23:13:31","guid":{"rendered":"http:\/\/cjproductionnc.com\/?page_id=310"},"modified":"2017-04-14T19:23:48","modified_gmt":"2017-04-14T08:23:48","slug":"gravure-sur-bois","status":"publish","type":"page","link":"https:\/\/cjproductionnc.com\/index.php\/gravure-laser\/gravure-sur-bois\/","title":{"rendered":"Gravure bois"},"content":{"rendered":"<p><em>Vous \u00eates ici :<\/em> <a href=\"https:\/\/cjproductionnc.com\/\">Home<\/a> \/ <a href=\"https:\/\/cjproductionnc.com\/index.php\/gravure-laser\/\">Gravure laser<\/a> \/ <span style=\"color: #999999;\">Gravure bois<\/span><\/p>\n<p style=\"text-align: right;\"><a class=\"button medium orange\" href=\"https:\/\/cjproductionnc.com\/index.php\/demande-de-devis-gravure\/\">Demande de devis<\/a><\/p>\n<h1 style=\"text-align: center;\"><strong><span style=\"color: #d700a0;\">Gravure bois<\/span><\/strong><\/h1>\n<div class=\"frame slider\"><div class=\"flexslider shortcode\"><ul class=\"slides\"><li><img decoding=\"async\" src=\"https:\/\/cjproductionnc.com\/wp-content\/uploads\/2017\/02\/bois01-200.jpg\"  alt=\"Gravure bois\" \/><\/li>\n<li><img decoding=\"async\" src=\"https:\/\/cjproductionnc.com\/wp-content\/uploads\/2017\/02\/bois02-200.jpg\"  alt=\"Gravure bois\" \/><\/li>\n<li><img decoding=\"async\" src=\"https:\/\/cjproductionnc.com\/wp-content\/uploads\/2017\/02\/bois03-200.jpg\"  alt=\"Gravure bois\" \/><\/li>\n<li><img decoding=\"async\" src=\"https:\/\/cjproductionnc.com\/wp-content\/uploads\/2017\/02\/bois04-200.jpg\"  alt=\"Gravure bois\" \/><\/li><\/ul> <\/div><\/div>\n<p>&nbsp;<\/p>\n<h4><span style=\"color: #d700a0;\">Caract\u00e9ristiques techniques :<\/span><\/h4>\n<p>Les dimensions maximales sont de 600 x 300 mm<\/p>\n<h4><span style=\"color: #d700a0;\">Plaques en stock<br \/>\n<\/span><\/h4>\n<p>Nous avons des plaques de bois pr\u00eates \u00e0 \u00eatre grav\u00e9es<\/p>\n<div class=\"boxes\">\n<div class=\"box two first\" style=\"text-align: center;\"><em><span style=\"color: #0000ff;\">photo d&rsquo;une plaque en ch\u00eane vierge<\/span><\/em><\/div>\n<div class=\"box two last\" style=\"text-align: center;\"><em><span style=\"color: #0000ff;\"><em>photo d&rsquo;une plaque bambou vierge<\/em><\/span><\/em><\/div>\n<\/div>\n<p>&nbsp;<\/p>\n<hr \/>\n<p>&nbsp;<\/p>\n<p style=\"padding-left: 90px;\">\u00a0\u00a0\u00a0 <a class=\"button medium default\" href=\"https:\/\/cjproductionnc.com\/index.php\/gravure-laser\/gravure-plexi\/\">Gravure plexi<\/a> \u00a0 \u00a0 \u00a0 \u00a0 \u00a0\u00a0 <a class=\"button medium default\" href=\"https:\/\/cjproductionnc.com\/index.php\/gravure-laser\/gravure-dilophane\/\">Gravure dilophane<\/a>\u00a0\u00a0 \u00a0 \u00a0 \u00a0 \u00a0 <a class=\"button medium default\" href=\"https:\/\/cjproductionnc.com\/index.php\/gravure-laser\/gravure-metal\/\">Gravure m\u00e9tal<\/a><\/p>\n<h4 style=\"padding-left: 90px;\">\u00a0\u00a0\u00a0<a class=\"button medium default\" href=\"https:\/\/cjproductionnc.com\/index.php\/gravure-laser\/gravure-sur-verre\/\">Gravure verre<\/a> \u00a0 \u00a0\u00a0 \u00a0 \u00a0 \u00a0\u00a0<span style=\"color: #d700a0;\"> Gravure bois \u00a0 \u00a0<\/span> \u00a0\u00a0\u00a0\u00a0 \u00a0 \u00a0 <a class=\"button medium default\" href=\"https:\/\/cjproductionnc.com\/index.php\/gravure-laser\/gravure-sur-carton\/\">Gravure carton<\/a><\/h4>\n<p style=\"padding-left: 90px;\">\u00a0 \u00a0 \u00a0 \u00a0 \u00a0 \u00a0 \u00a0 \u00a0 \u00a0 \u00a0 \u00a0 \u00a0 \u00a0 \u00a0 \u00a0 \u00a0 \u00a0 \u00a0 \u00a0 \u00a0 \u00a0 \u00a0 \u00a0 \u00a0 \u00a0 \u00a0 \u00a0 \u00a0 \u00a0\u00a0 \u00a0\u00a0 <a class=\"button medium default\" href=\"https:\/\/cjproductionnc.com\/index.php\/gravure-laser\/gravure-sur-cuir\/\">Gravure cuir<\/a><\/p>","protected":false},"excerpt":{"rendered":"<p>Vous \u00eates ici : Home \/ Gravure laser \/ Gravure bois Demande de devis Gravure bois &nbsp; Caract\u00e9ristiques techniques : Les dimensions maximales sont de 600 x 300 mm Plaques en stock Nous avons des plaques de bois pr\u00eates \u00e0 \u00eatre grav\u00e9es photo d&rsquo;une plaque en ch\u00eane vierge photo d&rsquo;une plaque bambou vierge &nbsp; &nbsp; [&hellip;]<\/p>\n","protected":false},"author":1,"featured_media":0,"parent":14,"menu_order":5,"comment_status":"closed","ping_status":"closed","template":"","meta":{"footnotes":""},"class_list":["post-310","page","type-page","status-publish","hentry"],"_links":{"self":[{"href":"https:\/\/cjproductionnc.com\/index.php\/wp-json\/wp\/v2\/pages\/310","targetHints":{"allow":["GET"]}}],"collection":[{"href":"https:\/\/cjproductionnc.com\/index.php\/wp-json\/wp\/v2\/pages"}],"about":[{"href":"https:\/\/cjproductionnc.com\/index.php\/wp-json\/wp\/v2\/types\/page"}],"author":[{"embeddable":true,"href":"https:\/\/cjproductionnc.com\/index.php\/wp-json\/wp\/v2\/users\/1"}],"replies":[{"embeddable":true,"href":"https:\/\/cjproductionnc.com\/index.php\/wp-json\/wp\/v2\/comments?post=310"}],"version-history":[{"count":0,"href":"https:\/\/cjproductionnc.com\/index.php\/wp-json\/wp\/v2\/pages\/310\/revisions"}],"up":[{"embeddable":true,"href":"https:\/\/cjproductionnc.com\/index.php\/wp-json\/wp\/v2\/pages\/14"}],"wp:attachment":[{"href":"https:\/\/cjproductionnc.com\/index.php\/wp-json\/wp\/v2\/media?parent=310"}],"curies":[{"name":"wp","href":"https:\/\/api.w.org\/{rel}","templated":true}]}}